 divisor of 36 and r.
12
Let g be -1 - (-89 - (3 - 3)). Suppose 4*q - g = 24. Calculate the highest common divisor of q and 7.
7
Let b = 130 + 6. Suppose 4*v - 65 = -3*d, 3*d + 0*d = -3. Calculate the highest common factor of v and b.
17
Let o be -3 - 410/(-18) - 6/(-27). Let x(u) = u**2 - u - 2. Let h be x(-3). What is the highest common factor of o and h?
10
Let f be 4*(-2)/(-4)*-2. Let s be (-12)/8 + (-166)/f. Calculate the highest common divisor of s and 16.
8
Let n be (1 - -7)*6/(-8). Let h(v) = -v**3 - 5*v**2 + 6*v - 2. Let a be h(n). Let t be (-26)/a - (-2 + 5). Calculate the greatest common factor of 40 and t.
10
Let r(f) = -f**3 - 5*f**2 - 2*f - 2. Let v be r(-5). Suppose 3*k - 25 = v. Let d be 1/(-7) + 848/7. Calculate the greatest common divisor of d and k.
11
Let o(y) = -y**2 + 4*y**2 + 3 - y**3 + y + 2*y**2. Let p be o(5). Calculate the greatest common divisor of 40 and p.
8
Let t(x) = x**3 + 5*x**2 - 5*x + 4. Let c be t(-5). Calculate the greatest common factor of 261 and c.
29
Let f(n) = n**3 - 5*n**2 + n - 3. Let x be f(5). Suppose -x*o = -o - 35. Calculate the greatest common divisor of o and 5.
5
Let f(i) = -18*i + 2. Let n be f(-3). Let a = 9 - 2. Calculate the greatest common divisor of n and a.
7
Suppose -5*j = -1462 + 402. Let a(t) = -2*t**2 - 6*t. Let l be a(7). Let z = j + l. What is the greatest common divisor of z and 9?
9
Suppose u = -2*s - 13 + 105, 4*s + 4*u - 188 = 0. What is the greatest common divisor of s and 18?
9
Suppose 2*g + 3*g - 35 = 0. Let o = -1 + g. What is the greatest common factor of o and 24?
6
Let y be (-2)/(-2)*0/3. Suppose y = 2*o - 4*a - 20, a - 2 = o + 2*a. Let k(i) = i + 2. Let f be k(2). What is the greatest common factor of f and o?
2
Let w = -19 + 31. Calculate the highest common divisor of 18 and w.
6
Let k = 60 + 20. Calculate the highest common divisor of 10 and k.
10
Let u = 176 - 85. What is the greatest common factor of u and 7?
7
Let u(l) = -l**3 - l**2 + 50. Let k be u(0). What is the greatest common factor of 10 and k?
10
Let p(u) = u**2 + 2*u + 2. Suppose o - 3 + 7 = 0. Let n be p(o). What is the highest common factor of n and 40?
10
Suppose 4*q - 4*a + 2 = 14, 4*a + 21 = -5*q. Let c = 11 + q. What is the greatest common divisor of 10 and c?
10
Let n be (10/3)/(8/12). Let j be (-10)/50 - (-6)/5. Calculate the greatest common divisor of n and j.
1
Let d(m) = 2*m - 2. Let u be d(4). Suppose u*h = 5*h + 164. Suppose -38 = v - h. Calculate the highest common divisor of v and 14.
14
Suppose 10*z = 4*z + 690. What is the greatest common divisor of 46 and z?
23
Suppose z = 3*v - 2*v + 20, 5*z + 5*v = 110. Calculate the highest common divisor of z and 3.
3
Let j(p) = -p**3 + 7*p**2 + p + 4. Let b be j(7). Suppose -2*s + 131 = -67. What is the greatest common divisor of b and s?
11
Suppose -88 = -3*h + 2*h. Suppose -4*g + 45 = -43. What is the greatest common divisor of h and g?
22
Let n(c) = 3 - 17*c - 1 + 11*c - c**2. Let l be n(-6). Suppose l*p + 3*p + 104 = 2*k, 3*k + 4*p = 110. Calculate the greatest common factor of 14 and k.
14
Suppose 0 = 2*t + 3*s - 54, -2*t = 5*s - s - 52. Let d = 113 - 93. What is the greatest common factor of t and d?
10
Suppose 14 = 3*m - 43. What is the greatest common divisor of 152 and m?
19
Suppose 4*x + 4*p - 4 = 0, 0 = 4*x - 2*p + 1 + 1. Suppose -2*k - 13 = -3*k + 5*u, -5*u = x. Let z = 447 + -304. What is the greatest common factor of z and k?
13
Suppose -5*p = 15, 3*h - 3 = -p + 30. Suppose -t = 3*a + h, 0 = 5*a - 2*a - 9. Let q be (36/t)/(1/(-7)). What is the greatest common factor of 8 and q?
4
Let a = -200 - -380. Suppose 0 = i - 6*i + a. What is the highest common divisor of i and 9?
9
Suppose -5*g - 43 = -r, 4*r = 5*g + 126 + 46. Calculate the highest common factor of r and 86.
43
Let p = 10 + -4. Let n(t) = -t**2 - 8*t - 4. Let q be n(-4). Let z(m) = m**2 - 10*m. Let o be z(q). Calculate the greatest common divisor of o and p.
6
Suppose 4*q = 25 + 7. Let c = q - 4. What is the highest common divisor of 1 and c?
1
Suppose -3*h + 1 + 5 = 0. Suppose 39 = 2*o + 5*k, h + 1 = -o + 5*k. What is the greatest common factor of 3 and o?
3
Let b(r) = 2*r**2 - r + 5. Let v be b(-8). Suppose 3*m = -0*m - v. Let i be m/(-4) + 2/8. What is the highest common factor of i and 18?
6
Let m = 68 + -28. Suppose -x - 2*x = -30. What is the highest common factor of m and x?
10
Suppose 6*f = -0*f + 144. Calculate the greatest common divisor of f and 60.
12
Let w be 10/65 + 470/(-13). Let k be (26/8)/((-9)/w). Calculate the highest common divisor of k and 91.
13
Suppose 2*p + 3*q - 27 = 0, 9 = -p + q + 25. Calculate the greatest common factor of 120 and p.
15
Suppose -m + 27 = q, -2*m = 5*q + 21 - 66. Calculate the highest common divisor of m and 10.
10
Suppose -9*m + 2 = d - 4*m, 10 = -5*m. What is the highest common divisor of 12 and d?
12
Let b(z) = -z**2 + z + 10. Let s be b(0). Suppose -y = y - s. Suppose 4*i + 5*m = 33, y*i - 5*m = 3*i + 39. What is the greatest common factor of 48 and i?
12
Suppose -3*m + 2*m + 13 = 0. Let f be 26/10 - 6/(-15). Suppose 3*v + 62 + 370 = f*n, n - 140 = -3*v. Calculate the highest common factor of n and m.
13
Suppose -2*n - 1 + 23 = 0. What is the greatest common divisor of 88 and n?
11
Suppose 3*s = 5*s - 14. Let c = s - 5. Suppose -5*r = 5*m - 60, 0 = c*m - 2*r - r - 4. What is the greatest common divisor of m and 56?
8
Suppose 14 + 16 = 5*o. Calculate the highest common factor of o and 2.
2
Let n(r) = r**3 - r**2 - 5*r + 1. Let j be n(4). What is the greatest common divisor of 29 and j?
29
Let i = -5 + 2. Let n be 123 - (1 - 2)*i. Suppose 0 = -f + 7 + 8. Calculate the highest common divisor of f and n.
15
Suppose -o + 6*o - 240 = 0. Suppose 0 = -2*h - 5*x + o, -3*x - 64 = -5*h - 6. Let k be (h/5 + 0)*40. What is the greatest common factor of 16 and k?
16
Let h = -26 - -71. Suppose 47 = 5*m - 43. What is the highest common divisor of m and h?
9
Suppose 0 = -4*n + 22 + 34. Calculate the highest common divisor of 14 and n.
14
Let r be 9/11 + (-12)/(-66). Let t be r/(-3) - (-460)/30. Suppose -j = 3*w - 16, 4*j = 3*j - 5*w + 20. What is the greatest common divisor of t and j?
5
Let a be 203/1 - (0 + 0). Let n = 9 + 20. Calculate the highest common factor of n and a.
29
Suppose 0 = -r + 22 + 23. Calculate the greatest common divisor of r and 9.
9
Suppose 0 = -0*m - 2*m + 2. Suppose 5*d + 11 = m. Let w be 11 + (-1 - d)*-1. What is the greatest common divisor of 30 and w?
10
Let c be 0 + (-27)/(-3) + -1. Suppose -12*r + 673 = -95. Calculate the greatest common factor of r and c.
8
Let a be 11 + (-2 - -2) + 1. Let n = -229 - -337. Calculate the greatest common factor of n and a.
12
Let a = -3 + 6. Suppose d - 3*f - 65 = -0*f, 0 = -2*d + a*f + 142. What is the greatest common factor of 11 and d?
11
Let a(z) = -9*z + 16. Let o(p) = 8*p - 15. Let q(m) = 6*a(m) + 7*o(m). Let v be q(6). Suppose 45 = v*x - 18. Calculate the highest common factor of x and 168.
21
Suppose 7*c + n = 3*c + 443, -3*n = 15. Let q = c + -13. Calculate the highest common factor of 11 and q.
11
Let x be (-440)/(-2 - (-1)/1). Suppose -k + 6*k = x. What is the highest common divisor of 22 and k?
22
Suppose -5*n = n - 390. Calculate the highest common factor of n and 26.
13
Suppose 3*w - 8 = w. Let c = -11 - -12. Let d be c/((-2)/w) - -8. Calculate the greatest common divisor of d and 30.
6
Let v be 6*-7*(-8)/12. What is the highest common factor of 42 and v?
14
Let h(b) = 75*b. Let z be h(1). Suppose -5*y + z = -75. Suppose 5*u = 5*r + y, 5*u - r - 36 = r. Calculate the greatest common factor of 16 and u.
8
Let o = 66 - 31. Calculate the highest common divisor of 5 and o.
5
Let y(n) = -n**3 - 4*n**2 - 3. Let v be y(-5). Suppose -m = -d + 2, v = 3*d + 3*m + 2*m. Suppose -d*c = -5 + 1. Calculate the highest common divisor of 8 and c.
1
Suppose 5*c - 216 = -4*l, 2*c = 2*l + c - 94. What is the greatest common factor of l and 7?
7
Suppose 40*w - 72 = 16*w. Let i = -21 + 36. What is the highest common divisor of w and i?
3
Suppose -4*t + 78 = -22. Let z be (-26)/(-6) + (-4)/12. Let g = 9 - z. Calculate the greatest common factor of t and g.
5
Let d(q) = q - 1. Suppose -2*c = -4*n - 26, -5*n = -3*c + c + 30. Suppose -c*l + 0*l = -20. Let w be d(l). What is the greatest comm